 -8
12
-11 + -1 + (11 - 0) - 3
-4
What is the value of 35 - (38 + 16 + -19)?
0
(-4 - (3 + -4 - (0 - -5))) + 0
2
Evaluate 1 - (0 + (18 + -10 - 12)).
5
What is the value of (7 - 1) + (-13 - (-12 - -7)) + 5?
3
What is 10 + 6 - (-100 - -106)?
10
Evaluate (-20 - (-21 + 9)) + 17.
9
0 - 0 - (-17 - -7 - -3)
7
Calculate -12 - (9 - 11) - -7 - 13.
-16
What is the value of 182 + -179 + (-15 - 10)?
-22
What is the value of 24 - (-1 - -5 - (3 - 0) - 1)?
24
What is 3 - (-7 - (0 - -2))?
12
Evaluate 0 + (-8 - -1) - ((5 - 2) + 3).
-13
Evaluate (3 - 5) + 2 - (-30 - -15).
15
Calculate 38 + -24 - 6 - (-5 - (3 - 2)).
14
Calculate (-18 + 36 - 14) + (-11 - (-2 + 2)).
-7
What is the value of -24 + 46 + -24 - -22?
20
Calculate 10 + -34 + 2 + 5.
-17
Evaluate -8 + (-7 - -24) + (-2 - 7).
0
Evaluate 9 + -16 + 5 + (10 + -3 - 4).
1
What is (-161 - -156) + (-4 - 4)?
-13
35 + 10 + (-5 - 30)
10
What is the value of -45 - ((-55 - -7) + 4)?
-1
Evaluate -4 + 0 - (209 + -212).
-1
Evaluate 7 + -3 + (-5 - (-1 - 18)) - -9.
27
Evaluate 9 - 1 - -1 - (-168 + 167).
10
(-3 - (-7 + 12 + -4)) + 4 + -9
-9
What is 3 + 3 + -3 + -4 + 0 + -5?
-6
What is the value of -11 + 1 - (-532 + 541)?
-19
Calculate 43 - 45 - (-14 + 7).
5
Evaluate 17 - (-2 + 6 + 4 + -1).
10
What is (-16 - -2) + -69 + 66?
-17
What is the value of (1 + -3 + 0 - -16) + -285 + 283?
12
What is (17 - 53 - -18) + 46?
28
2 + 6 - 11 - (-1 - (6 - -4))
8
What is 9 + -3 + -5 + -1 - -12?
12
What is the value of -8 + 12 + (-15 - -16)?
5
What is -6 + (-15 - -15) + (-1 - -4) + -4?
-7
Evaluate 3 + -8 + (-6 - -24).
13
What is (21 + -3 - 4) + (-3 - 2) + 2?
11
What is 2 - ((17 - 17) + 0)?
2
Evaluate 5 + -6 + 1 + -10.
-10
What is the value of -7 + -13 + 8 + 6 + (0 - -22)?
16
What is (6 + 19 + -14 - 18) + 19?
12
What is 9 + (-20 - (16 - 28))?
1
10 - ((3 - (2 + -4)) + (-10 - -19))
-4
What is -7 - (5 + 8 + -12)?
-8
What is the value of 1 + -29 - (-230 + 207)?
-5
What is the value of 2 + 0 + 2 - (40 - 58)?
22
Calculate (-30 - -15 - -10) + 0.
-5
Calculate 5 - 15 - (-22 - -26).
-14
Evaluate (-9 - -2) + 4 + 14 - (-11 + -10).
32
What is (-13 - -5 - 0) + (29 - (-2 + 2))?
21
(7 - (-12 - -25)) + -2 + 4
-4
What is (-16 - (-10 + 1)) + 7 + (3 - 10)?
-7
What is -31 + 32 - 10 - 6?
-15
Evaluate 20 + 28 + 0 - 33.
15
Evaluate -17 - -21 - (-8 + 1).
11
92 + -99 + (-3 - 3)
-13
Calculate -4 + 1 + 5 + 63 + -76.
-11
Evaluate -21 + -5 - (127 - 169).
16
What is -44 - ((-687 - -705) + -35 + -1)?
-26
Evaluate 4 - (18 + (8 - 16 - -6)).
-12
What is the value of (-2 - (-4 + 4)) + -2 + -1 - -2?
-3
Calculate -7 - (-1 + 4 + (3 - 10) + 0).
-3
Calculate 28 - (43 - (-1 + 17)).
1
Calculate -1 - (-7 + (2 + -9 - 4) + 5).
12
What is -19 + (-45 - -54) + (-5 - -1)?
-14
Calculate -62 + (50 - 15) - -14.
-13
9 + 1 - (236 - 215)
-11
-1 + -32 + (1442 - 1432)
-23
Evaluate -5 + (19 - (-20 - -45)).
-11
(6 + -6 - 3) + -6 - -6
-3
(10 + -7 - 9) + 2
-4
Evaluate 20 - (5 - 26) - 18.
23
Calculate (-1 - -1 - 19) + 1060 + -1057.
-16
What is the value of 29 - ((1 - 5) + 9)?
24
What is the value of -25 + -15 + 25 + 13?
-2
What is the value of -1 + -3 + 17 - (-3 + -11 - -14)?
13
-1 + 10 - ((14 - 66) + 55)
6
What is the value of -1 - -1 - (167 - 179)?
12
Calculate 5 - (1 - ((-5 - 8) + 5)).
-4
What is the value of 3 - (12 + (-12 - -3))?
0
Evaluate -43 + 9 - (6 - -2 - (-11 - -17)).
-36
Evaluate -39 - -9 - (-49 + 5).
14
Evaluate -16 + 55 - 2 - 2 - 15.
20
What is (-44 - -23) + 35 - 12?
2
What is the value of 7 + (-3 - (-1 + 4 + 9))?
-8
397 - 373 - (11 + 0)
13
Calculate 3 - (18 + -11) - -10.
6
-21 - (11 - (12 - (-5 - -4)))
-19
What is the value of -9 + (0 + (-4 - 3) - -31) - 6?
9
16 + (20 - -3 - 37) - (-1 - 2)
5
Calculate (-21 - -38) + -12 + -2.
3
What is the value of (20 - (46 - 16)) + -9?
-19
Evaluate 8 - (-22 + 24 + -17).
23
Evaluate (4 - 9) + 16 + (-1 - 1).
9
Evaluate 1 + -6 + -1 - (-2 - (-2 - -3)).
-3
-6 + (-1 - -13 - (30 + -26))
2
What is (-3 - -1) + (6 - (6 - 10))?
8
Calculate -3 - (2 + (-8 + 22 + -3 - 4)).
-12
Calculate -17 + 2 + 2 - 15 - -2.
-26
Evaluate -2 + -3 - 13 - -24 - -4.
10
Calculate 7 + 1 - ((18 - 41) + 7).
24
What is the value of 15 + 0 - ((-3 - -8) + 4)?
6
(-8 - (-4 - (-1 + -8))) + 3
-10
Evaluate (-19 - 0) + (237 - 233).
-15
What is the value of 18 + -13 - 4 - (-6 + 0)?
7
What is 1 + (6 - 0) - (1 - (-12 - -17))?
11
-30 - (-27 + -20 + 8)
9
Evaluate 22 + -26 + -12 + -9 + 23.
-2
What is 13 + -2 + 7 + 11 + -17?
12
7 + (20 - 42) + 17
2
Calculate (9 - 24) + 15 + 0 + -8 + 4.
-4
16 - (-18 + 3 + 3)
28
Evaluate -12 + (6 - 2) + -2.
-10
What is the value of (-22 - -28) + 10 - -13?
29
What is the value of -6 + (-8 - -5 - 4 - -2)?
-11
Calculate -4 + 6 + 6 + 3 + -4.
7
What is 18 + (10 - (-12 - -21))?
19
What is the value of (16 - 27 - -9) + -2 + 6 + -7?
-5
5 + -3 + (-14 - -16) + -29 + 0
-25
23 + 30 - 18 - 32
3
0 - (-13 - (2 + -11)) - (-2 - 4)
10
What is -15 + 1 - (33 + -53)?
6
(-10 - -1 - (-12 - -10)) + -19 + 12
-14
1 - (29 + -17 + -27)
16
What is the value of -12 - (9 + 3 - 14)?
-10
125 + -111 - (22 + 0)
-8
What is the value of -6 - -5 - -14 - (-1 + -1)?
15
Calculate -1 + -2 + (12 - (26 + -11 + 0)).
-6
(0 - 1) + (-11 - -13) + 8
9
Calculate -2 + -7 + -2 + (-211 - -208).
-14
Evaluate -4 + -5 - (-27 - (-2 - (-2 - 2))).
20
What is 12 + (0 + -1 - 4)?
7
Evaluate -1 + 17 + 7 + -15.
8
Calculate (-37 - -4) + 15 - -14 - (1 - 14).
9
Calculate -12 + (12 - (-3 + 12)).
-9
What is (15 + -2 - 21) + (0 - -18)?
10
-9 - (-26 - -12) - (-1 - (-5 + 1))
2
-5 + -4 + (-5 - -40)
26
Evaluate 9 + (-21 - -13) + -20 + 25.
6
-3 + 0 - 6 - (-20 + 18)
-7
What is -23 - (-38 + 16) - -6?
5
What is the value of -5 - -1 - -2 - (-795 - -805)?
-12
-12 + 1 + 250 + -262
-23
What is 26 + -23 - (6 + -1 - 2 - -17)?
-17
Calculate 1 + (-1 + -17 - (274 - 276)).
-15
-17 + (16 - 33 - -29) - -11
6
Calculate -62 + 30 + 9 + -2.
-25
-7 - (1 + 1 - (-107 - -115))
-1
What is the value of -68 - -89 - ((0 - 6) + -3 + 3)?
27
Calculate 12 + (-33 + 20 - (3 - 14)).
10
1 + 0 - (88 - 85)
-2
What is -2 - -6 - (13 - (13 + 4))?
8
Calculate -7 - (-13 + -1 + 6).
1
(6 - 8 - -3) + -2 - -15
14
Evaluate 6 + ((-3 - 4) + -11 + 16 - 8).
-4
(-9 + 23 - -4 - 4) + (3 - -1)
18
-24 + (-2 - -6 - 0 - 1) + 9
-12
Calculate -16 - (15 + -59) - 12.
16
What is the value of -25 - (1 - 2 - 7)?
-17
Evaluate -40 + 34 - (4 + -11).
1
What is the value of (-8 - 1) + (-144 - -157) - 4?
0
What is 8 - 1 - 2 - (-6 + 1 + -1)?
11
What is the value of 40 + (-14 + 9 - 13)?
22
What is (8 - 1) + (0 - (-4 + 2 + 2))?
7
What is the value of 4 + (218 + -214 - (1 - 5))?
12
What is the value of 5 - ((9 - 3) + 4) - (-21 - -3)?
13
Evaluate 6 - (7 + 6 - -2).
-9
What is the value of -12 + -2 - 1 - -23 - 14?
-6
What is -11 + -2 + 4 + (-6 - -10) + 2?
-3
What is -20 + (12 + 25 - -1)?
18
-11 - (-22 + -2) - -1
14
Evaluate -3 + (16 - (-5 + 6 + 3)).
9
Calculate 2 + (-12 - (-6 + -3)).
-1
Evaluate -14 + -7 + (0 - -12) + -1.
-10
Evaluate -4 + 1 - (18 + -14 + -4).
-3
-26 + 1 + (696 - 666)
5
-2 - (20 + 3) - (-2 + 5 - 1)
-27
What is -4 + (24 - 31) + 7?
-4
1 + -9 - (-4 + 4 - (-44 - -47))
-5
What is -4 + -10 + (-4 - -2)?
-16
What is the value of 23 + (4 + 3 + -9 - (1 - 3))?
23
Evaluate (-2 - (5 - 5)) + -5 + 9.
2
What is -4 - (4 - 19) - 12 - (-2 + 0)?
1
What is 4 + 0 - (-6 + 3 + 3 + -5)?
9
Calculate (-5 - -6 - 1 - 0) + -2.
-2
Calculate 12 - 1 - (-11 + (50 - 56)).
28
Evaluate (7 - 1) + (12 - 24 - -17).
11
What is -8 - 20 - (3 - (-3 + 9 + -1))?
-26
What is the value of (-6 - (-14 + (10 - 1))) + 5?
4
What is 3 - 8 - 26 - (8 - 21)?
-18
Evaluate (8 - 8) + -16 + 10.
-6
Evaluate (1 - 12) + (-206 - -207).
-10
Evaluate (10 - 8) + -11 + 3 + 4.
-2
-6 + 3 - (-28 - -35) - -13
3
Calculate 2 + -23 + (30 - 10).
-1
Evaluate (-9 - (-13 - -7) - (0 + -22)) + 7.
26
Calculate (9 + -4 + -6 - (4 + -11)) + 10.
16
What is 25 - (56 - 14) - -19?
2
Evaluate 2 + -13 + 41 + (-22 - -17 - -11).
36
1 + 5 + -27 + 19
-2
What is 2 - ((28 - 11) + -23 - -12)?
-4
What is the value of (-17 - -12) + -3 - -7?
-1
What is the value of -12 + 49 + -62 + 54?
29
15 - -16 - 35 - (-3 + 2)
-3
What is the value of -3 - (1 - -3) - (1 + (-12 - -5))?
-1
-10 + 3 - (3 - (2 + -2 + -1))
-11
Evaluate 10 + 9 + -16 + -15.
-12
Evaluate -180 + 187 + -8 + -1 - 14.
-16
What is the value of -878 - -868 - (2 + (3 - 5) + 12)?
-22
Calculate (-5 + 3 - (-8 + 6)) + 0 + 16.
16
(-14 - -5 - -3) + 11
5
Calculate 